{"id":65,"date":"2017-06-20T11:43:39","date_gmt":"2017-06-20T11:43:39","guid":{"rendered":"http:\/\/hadjsassigroupe.com\/pubart\/?page_id=65"},"modified":"2023-10-21T23:37:30","modified_gmt":"2023-10-21T21:37:30","slug":"a-propos","status":"publish","type":"page","link":"https:\/\/hadjsassigroupe.com\/pubart\/a-propos\/","title":{"rendered":"A Propos"},"content":{"rendered":"<section class=\"wpb-content-wrapper\"><p>[vc_row equal_height=\u00a0\u00bbyes\u00a0\u00bb content_placement=\u00a0\u00bbmiddle\u00a0\u00bb hide_bg_image_on_tablet=\u00a0\u00bb\u00a0\u00bb hide_bg_image_on_mobile=\u00a0\u00bb\u00a0\u00bb][vc_column icons_position=\u00a0\u00bbleft\u00a0\u00bb offset=\u00a0\u00bbvc_col-md-6&Prime;][vc_single_image image=\u00a0\u00bb223&Prime; img_size=\u00a0\u00bbfull\u00a0\u00bb][\/vc_column][vc_column icons_position=\u00a0\u00bbleft\u00a0\u00bb offset=\u00a0\u00bbvc_col-md-6&Prime;][vc_empty_space alter_height=\u00a0\u00bblarge\u00a0\u00bb hide_on_desktop=\u00a0\u00bb1&Prime; hide_on_notebook=\u00a0\u00bb1&Prime; hide_on_tablet=\u00a0\u00bb\u00a0\u00bb hide_on_mobile=\u00a0\u00bb\u00a0\u00bb]<div id=\"sc_content_1391618639\"\r\n\t\tclass=\"sc_content color_style_default sc_content_default sc_float_center sc_padding_tiny\"><div class=\"sc_content_container\"><div id=\"sc_title_1321233774\"\r\n\t\tclass=\"sc_title color_style_default sc_title_default\"><h6 class=\"sc_item_subtitle sc_title_subtitle sc_align_left sc_item_title_style_default\">A Propos Pubart<\/h6><h3 class=\"sc_item_title sc_title_title sc_align_left sc_item_title_style_default\">PLUS QUE 11 ANS D'EXPERIENCE<\/h3><div class=\"sc_item_descr sc_title_descr sc_align_left\"><p>Pubart impression sp\u00e9cialis\u00e9 dans le domaine d\u2019impression num\u00e9rique et offset.<\/p>\n<p>Notre commerce est bas\u00e9 sur trois cat\u00e9gories de client\u00e8les, les \u00e9tablissements \u00e9tatiques et priv\u00e9e, le march\u00e9 national et international et le grand public au niveau de notre agence situ\u00e9 \u00e0 Tunis et \u00e0 Sfax ainsi que sur tout le territoire tunisien \u00e0 travers nos propres moyens de transport au \u00e0 travers rapide poste.<\/p>\n<p>Pubart Impression rassemble les diff\u00e9rentes comp\u00e9tences et moyen n\u00e9cessaires dans son domaine afin de r\u00e9aliser la prestation la mieux adapt\u00e9 au diff\u00e9rentes cahier de charge. Notre politique qualit\u00e9 se fonde sur l\u2019\u00e9coute des besoins et des attende de nos clients. N\u2019h\u00e9sitez pas \u00e0 nos consulter pour tous besoin standards ou sp\u00e9cifique. Nous remercions de bien vouloir en informer vos d\u00e9partements. Dans l\u2019attente de vos consultation recevez, nos salutation distingu\u00e9es<\/p>\n<\/div><div class=\"sc_item_button sc_button_wrap sc_align_left\"><a href=\"\/nous-contacter\/\" id=\"sc_button_1880439342\" class=\"sc_button color_style_default sc_button_default sc_item_button sc_item_button_default sc_title_button sc_button_size_normal sc_button_icon_left\"><span class=\"sc_button_text\"><span class=\"sc_button_title\">Nous Contacter<\/span><\/span><!-- \/.sc_button_text --><\/a><!-- \/.sc_button --><\/div><!-- \/.sc_item_button --><\/div><!-- \/.sc_title --><\/div><\/div><!-- \/.sc_content -->[\/vc_column][vc_column icons_position=\u00a0\u00bbleft\u00a0\u00bb][vc_empty_space alter_height=\u00a0\u00bbhuge\u00a0\u00bb hide_on_desktop=\u00a0\u00bb\u00a0\u00bb hide_on_notebook=\u00a0\u00bb\u00a0\u00bb hide_on_tablet=\u00a0\u00bb\u00a0\u00bb hide_on_mobile=\u00a0\u00bb\u00a0\u00bb][\/vc_column][\/vc_row][vc_row full_width=\u00a0\u00bbstretch_row_content_no_spaces\u00a0\u00bb][vc_column icons_position=\u00a0\u00bbleft\u00a0\u00bb][rev_slider_vc alias=\u00a0\u00bbslider-1_boxed\u00a0\u00bb][\/vc_column][\/vc_row][vc_row][vc_column icons_position=\u00a0\u00bbleft\u00a0\u00bb offset=\u00a0\u00bbvc_col-md-offset-1 vc_col-md-10&Prime;][vc_empty_space alter_height=\u00a0\u00bbhuge\u00a0\u00bb hide_on_desktop=\u00a0\u00bb\u00a0\u00bb hide_on_notebook=\u00a0\u00bb\u00a0\u00bb hide_on_tablet=\u00a0\u00bb\u00a0\u00bb hide_on_mobile=\u00a0\u00bb\u00a0\u00bb]<div class=\"sc_team color_style_default sc_team_short\"><h6 class=\"sc_item_subtitle sc_team_subtitle sc_align_center sc_item_title_style_default\">Nos professionnels<\/h6><h3 class=\"sc_item_title sc_team_title sc_align_center sc_item_title_style_default\">Rencontrer l'\u00e9quipe<\/h3><div class=\"sc_item_descr sc_team_descr sc_align_center\"><p>L'\u00e9quipe Pubart est l\u00e0 pour vous aider avec tous vos besoins d'impression et de copie. Nous offrons une suite compl\u00e8te de services d'impression avec des d\u00e9lais d'ex\u00e9cution et de livraison rapides.<\/p>\n<\/div><div class=\"sc_team_columns_wrap sc_item_columns trx_addons_columns_wrap columns_padding_bottom\"><div class=\"trx_addons_column-1_3\"><div class=\"sc_team_item\">\r\n\t<div class=\"post_featured sc_team_item_thumb trx_addons_hover trx_addons_hover_style_info\">\r\n\t\t\t\t\t\t\t\t\t\t<a href=\"https:\/\/hadjsassigroupe.com\/pubart\/team\/salhi-ali\/\" aria-hidden=\"true\"><img loading=\"lazy\" decoding=\"async\" width=\"202\" height=\"191\" src=\"https:\/\/hadjsassigroupe.com\/pubart\/wp-content\/uploads\/2017\/06\/Artboard-7.png\" class=\"attachment-trx_addons-thumb-avatar size-trx_addons-thumb-avatar wp-post-image\" alt=\"Salhi Ali\" \/><\/a>\r\n\t\t\t\t\t<div class=\"trx_addons_hover_content\"><div class=\"sc_team_item_socials socials_wrap trx_addons_hover_info\"><\/div><\/div><div class=\"trx_addons_hover_mask\"><\/div><\/div>\t<div class=\"sc_team_item_info\">\r\n\t\t<div class=\"sc_team_item_header\">\r\n\t\t\t<h4 class=\"sc_team_item_title\"><a href=\"https:\/\/hadjsassigroupe.com\/pubart\/team\/salhi-ali\/\">Salhi Ali<\/a><\/h4>\r\n\t\t\t<div class=\"sc_team_item_subtitle\">Technicien Impression<\/div>\r\n\t\t<\/div>\r\n\t<\/div>\r\n<\/div>\r\n<\/div><div class=\"trx_addons_column-1_3\"><div class=\"sc_team_item\">\r\n\t<div class=\"post_featured sc_team_item_thumb trx_addons_hover trx_addons_hover_style_info\">\r\n\t\t\t\t\t\t\t\t\t\t<a href=\"https:\/\/hadjsassigroupe.com\/pubart\/team\/andrew-parker\/\" aria-hidden=\"true\"><img loading=\"lazy\" decoding=\"async\" width=\"202\" height=\"191\" src=\"https:\/\/hadjsassigroupe.com\/pubart\/wp-content\/uploads\/2017\/06\/Artboard-2-1.png\" class=\"attachment-trx_addons-thumb-avatar size-trx_addons-thumb-avatar wp-post-image\" alt=\"Mohamed Ali Jouadi\" \/><\/a>\r\n\t\t\t\t\t<div class=\"trx_addons_hover_content\"><div class=\"sc_team_item_socials socials_wrap trx_addons_hover_info\"><a target=\"_blank\" href=\"https:\/\/twitter.com\/themes_ancora\" class=\"social_item social_item_style_icons social_item_type_icons\"><span class=\"social_icon social_twitter\"><span class=\"icon-twitter\"><\/span><\/span><\/a><a target=\"_blank\" href=\"https:\/\/www.facebook.com\/AncoraThemes\/\" class=\"social_item social_item_style_icons social_item_type_icons\"><span class=\"social_icon social_facebook\"><span class=\"icon-facebook\"><\/span><\/span><\/a><a target=\"_blank\" href=\"https:\/\/www.instagram.com\/ancora_themes\/\" class=\"social_item social_item_style_icons social_item_type_icons\"><span class=\"social_icon social_instagramm\"><span class=\"icon-instagramm\"><\/span><\/span><\/a><\/div><\/div><div class=\"trx_addons_hover_mask\"><\/div><\/div>\t<div class=\"sc_team_item_info\">\r\n\t\t<div class=\"sc_team_item_header\">\r\n\t\t\t<h4 class=\"sc_team_item_title\"><a href=\"https:\/\/hadjsassigroupe.com\/pubart\/team\/andrew-parker\/\">Mohamed Ali Jouadi<\/a><\/h4>\r\n\t\t\t<div class=\"sc_team_item_subtitle\">Cadreur - Photographe<\/div>\r\n\t\t<\/div>\r\n\t<\/div>\r\n<\/div>\r\n<\/div><div class=\"trx_addons_column-1_3\"><div class=\"sc_team_item\">\r\n\t<div class=\"post_featured sc_team_item_thumb trx_addons_hover trx_addons_hover_style_info\">\r\n\t\t\t\t\t\t\t\t\t\t<a href=\"https:\/\/hadjsassigroupe.com\/pubart\/team\/melissa-foucher\/\" aria-hidden=\"true\"><img loading=\"lazy\" decoding=\"async\" width=\"202\" height=\"191\" src=\"https:\/\/hadjsassigroupe.com\/pubart\/wp-content\/uploads\/2017\/06\/Artboard-1-1.png\" class=\"attachment-trx_addons-thumb-avatar size-trx_addons-thumb-avatar wp-post-image\" alt=\"Chaabane Manel\" \/><\/a>\r\n\t\t\t\t\t<div class=\"trx_addons_hover_content\"><div class=\"sc_team_item_socials socials_wrap trx_addons_hover_info\"><a target=\"_blank\" href=\"https:\/\/twitter.com\/themes_ancora\" class=\"social_item social_item_style_icons social_item_type_icons\"><span class=\"social_icon social_twitter\"><span class=\"icon-twitter\"><\/span><\/span><\/a><a target=\"_blank\" href=\"https:\/\/www.facebook.com\/AncoraThemes\/\" class=\"social_item social_item_style_icons social_item_type_icons\"><span class=\"social_icon social_facebook\"><span class=\"icon-facebook\"><\/span><\/span><\/a><a target=\"_blank\" href=\"https:\/\/www.instagram.com\/ancora_themes\/\" class=\"social_item social_item_style_icons social_item_type_icons\"><span class=\"social_icon social_instagramm\"><span class=\"icon-instagramm\"><\/span><\/span><\/a><\/div><\/div><div class=\"trx_addons_hover_mask\"><\/div><\/div>\t<div class=\"sc_team_item_info\">\r\n\t\t<div class=\"sc_team_item_header\">\r\n\t\t\t<h4 class=\"sc_team_item_title\"><a href=\"https:\/\/hadjsassigroupe.com\/pubart\/team\/melissa-foucher\/\">Chaabane Manel<\/a><\/h4>\r\n\t\t\t<div class=\"sc_team_item_subtitle\">Fondatrice<\/div>\r\n\t\t<\/div>\r\n\t<\/div>\r\n<\/div>\r\n<\/div><\/div><\/div><!-- \/.sc_team -->[\/vc_column][\/vc_row]<\/p>\n<\/section>","protected":false},"excerpt":{"rendered":"<p>[vc_row equal_height=\u00a0\u00bbyes\u00a0\u00bb content_placement=\u00a0\u00bbmiddle\u00a0\u00bb hide_bg_image_on_tablet=\u00a0\u00bb\u00a0\u00bb hide_bg_image_on_mobile=\u00a0\u00bb\u00a0\u00bb][vc_column icons_position=\u00a0\u00bbleft\u00a0\u00bb offset=\u00a0\u00bbvc_col-md-6&Prime;][vc_single_image image=\u00a0\u00bb223&Prime; img_size=\u00a0\u00bbfull\u00a0\u00bb][\/vc_column][vc_column icons_position=\u00a0\u00bbleft\u00a0\u00bb offset=\u00a0\u00bbvc_col-md-6&Prime;][vc_empty_space alter_height=\u00a0\u00bblarge\u00a0\u00bb hide_on_desktop=\u00a0\u00bb1&Prime; hide_on_notebook=\u00a0\u00bb1&Prime; hide_on_tablet=\u00a0\u00bb\u00a0\u00bb hide_on_mobile=\u00a0\u00bb\u00a0\u00bb][\/vc_column][vc_column icons_position=\u00a0\u00bbleft\u00a0\u00bb][vc_empty_space alter_height=\u00a0\u00bbhuge\u00a0\u00bb hide_on_desktop=\u00a0\u00bb\u00a0\u00bb hide_on_notebook=\u00a0\u00bb\u00a0\u00bb hide_on_tablet=\u00a0\u00bb\u00a0\u00bb hide_on_mobile=\u00a0\u00bb\u00a0\u00bb][\/vc_column][\/vc_row][vc_row full_width=\u00a0\u00bbstretch_row_content_no_spaces\u00a0\u00bb][vc_column icons_position=\u00a0\u00bbleft\u00a0\u00bb][rev_slider_vc alias=\u00a0\u00bbslider-1_boxed\u00a0\u00bb][\/vc_column][\/vc_row][vc_row][vc_column icons_position=\u00a0\u00bbleft\u00a0\u00bb offset=\u00a0\u00bbvc_col-md-offset-1 vc_col-md-10&Prime;][vc_empty_space alter_height=\u00a0\u00bbhuge\u00a0\u00bb hide_on_desktop=\u00a0\u00bb\u00a0\u00bb hide_on_notebook=\u00a0\u00bb\u00a0\u00bb hide_on_tablet=\u00a0\u00bb\u00a0\u00bb hide_on_mobile=\u00a0\u00bb\u00a0\u00bb][\/vc_column][\/vc_row]<\/p>\n","protected":false},"author":1,"featured_media":0,"parent":0,"menu_order":0,"comment_status":"closed","ping_status":"closed","template":"","meta":{"footnotes":""},"class_list":["post-65","page","type-page","status-publish","hentry"],"_links":{"self":[{"href":"https:\/\/hadjsassigroupe.com\/pubart\/wp-json\/wp\/v2\/pages\/65","targetHints":{"allow":["GET"]}}],"collection":[{"href":"https:\/\/hadjsassigroupe.com\/pubart\/wp-json\/wp\/v2\/pages"}],"about":[{"href":"https:\/\/hadjsassigroupe.com\/pubart\/wp-json\/wp\/v2\/types\/page"}],"author":[{"embeddable":true,"href":"https:\/\/hadjsassigroupe.com\/pubart\/wp-json\/wp\/v2\/users\/1"}],"replies":[{"embeddable":true,"href":"https:\/\/hadjsassigroupe.com\/pubart\/wp-json\/wp\/v2\/comments?post=65"}],"version-history":[{"count":5,"href":"https:\/\/hadjsassigroupe.com\/pubart\/wp-json\/wp\/v2\/pages\/65\/revisions"}],"predecessor-version":[{"id":5051,"href":"https:\/\/hadjsassigroupe.com\/pubart\/wp-json\/wp\/v2\/pages\/65\/revisions\/5051"}],"wp:attachment":[{"href":"https:\/\/hadjsassigroupe.com\/pubart\/wp-json\/wp\/v2\/media?parent=65"}],"curies":[{"name":"wp","href":"https:\/\/api.w.org\/{rel}","templated":true}]}}